ommon factor of 40 and i?
10
Suppose 1 + 79 = 2*w. Calculate the greatest common factor of 10 and w.
10
Let l be 25/3 - ((-15)/9)/(-5). Calculate the greatest common factor of l and 1.
1
Let w be -2 - ((-3 - 0) + 3). Let g = 0 - w. What is the greatest common divisor of 1 and g?
1
Suppose 3*k = k + 38. Suppose -4*p + k = -21. What is the highest common factor of p and 10?
10
Suppose -5*n = -2*i + 10 + 11, -3*i + 60 = 2*n. What is the greatest common factor of i and 30?
6
Let o be (14 + -12)/(1/11). What is the highest common factor of o and 2?
2
Suppose 5*a - 215 = -5*p, a - 4*a - 2*p + 134 = 0. Let r = -122 - -134. Calculate the highest common factor of r and a.
12
Let u = 212 - -8. Let r be (-2*(3 + -2))/2. Let i be r*2/(-4)*40. What is the highest common divisor of i and u?
20
Suppose h = 5*h. Suppose h = -5*v + 2*v + 126. What is the highest common divisor of 21 and v?
21
Let p(f) = -f + 6. Let w be p(3). Calculate the highest common divisor of 9 and w.
3
Let v = -13 - -20. What is the greatest common divisor of 1 and v?
1
Let t = -8 + 28. Suppose 2*u + 60 = 5*u. What is the highest common factor of t and u?
20
Let q = -248 + 424. Let m be (21 - 0) + -2 + 3. What is the highest common divisor of q and m?
22
Suppose 0 = 5*n - 3*r - 20, 0 = 4*r - r - 15. Let z(f) = -44*f + 5. Let c be z(-5). Suppose 55 + c = 5*l. What is the greatest common factor of n and l?
7
Let m = 65 - 29. Suppose -5*l + l + m = 0. Suppose 0*h - h = -72. What is the highest common factor of l and h?
9
Let i(q) = -6*q**3 + 2*q**2 - q + 2. Let z be i(2). Let r = z + 95. Calculate the highest common divisor of r and 11.
11
Suppose -a - 2*t = -53, 2*t = a + 3*t - 49. Calculate the greatest common divisor of a and 360.
45
Suppose -3*v - 352 = -5*v. Calculate the greatest common divisor of 11 and v.
11
Suppose -5 - 7 = -a. Let d = 10 + -6. Suppose 32 = -d*l + 104. What is the greatest common factor of l and a?
6
Let n(z) = z**2 - z - 5. Let f(q) = 2*q - 10. Let g be f(7). Let t be n(g). What is the greatest common factor of 1 and t?
1
Let u(n) = 11*n - 1. Let p be u(2). Suppose 5*f - 82 = -12. Let q be (0 - f)*(-2 + 1). Calculate the highest common factor of p and q.
7
Let r be (-45)/2*24/(-30). Let d = -8 + r. Calculate the highest common divisor of 80 and d.
10
Suppose 3*g + 6 = 15. What is the greatest common divisor of 3 and g?
3
Let w(a) = -2*a**3 - 8*a**2 - 5*a + 2. Let y be w(-6). Let m(k) = 10*k - 24. Let t be m(4). Calculate the highest common factor of y and t.
16
Suppose 15 + 65 = 5*o. Let i be 4/(-14) - 116/(-14). Suppose o = 2*q - i. What is the greatest common factor of q and 84?
12
Let c be (40/(-6))/((-1)/24). Let j be (3/2)/(6/c). What is the highest common divisor of j and 10?
10
Let w be (-1)/2 - (-990)/44. What is the highest common divisor of 11 and w?
11
Let c(p) = 23*p**2 + p. Let q be c(-2). Calculate the greatest common divisor of q and 18.
18
Let q(d) = -16*d - 22. Let x be q(-4). Calculate the highest common divisor of 126 and x.
42
Suppose -3*x + 288 = -0*x. What is the highest common divisor of x and 12?
12
Suppose -n + 2*f - 4*f + 38 = 0, 3*f = 9. What is the highest common divisor of n and 4?
4
Let g = -31 + 55. Calculate the greatest common divisor of 72 and g.
24
Suppose -8 = 3*b - 11. What is the greatest common divisor of b and 19?
1
Let q be (-2)/6 + 242/6. Suppose 4*r - 2*a = 2*a + 116, 5*a = -10. Suppose 5*p - 46 = -v, 0 = 3*p - v - 7 - r. Calculate the highest common divisor of q and p.
10
Suppose 2*v - 6*v = -108. What is the greatest common factor of v and 297?
27
Let c = -13 - -21. What is the greatest common factor of 2 and c?
2
Let d be (1/2)/((-2)/(-196)). Suppose 0*k - 101 = 3*k - t, -152 = 4*k + 3*t. Let a = d + k. What is the highest common factor of 28 and a?
14
Suppose -q + 0 = -5. Suppose -5*y + 16 + 4 = 0. Suppose 5*o = -2*m + 14, -o + y = 4*o - 3*m. Calculate the greatest common factor of q and o.
1
Suppose -5*r - 20 = -r. Let x be r/((-5)/(-2)) - -30. Calculate the highest common divisor of 14 and x.
14
Suppose 352 = 5*c - 203. Calculate the highest common divisor of c and 37.
37
Let i(g) = -2*g**2 + 7*g + 21. Let a be i(5). Calculate the highest common factor of a and 66.
6
Suppose -5*i + 42 + 38 = 0. Suppose -5*d + 2*d + 4*k + 8 = 0, -5*k = -4*d + 12. Calculate the highest common factor of i and d.
8
Let o(k) = 2*k - 5. Let p be o(7). Suppose 3*f - 14 = 2*f + 4*x, 2*f - 40 = -4*x. What is the greatest common factor of p and f?
9
Let r = 11 + -8. What is the highest common divisor of r and 12?
3
Suppose -37 = -5*k + 23. Calculate the highest common divisor of 96 and k.
12
Let f be 6/3 - 5 - (-14 - -1). Calculate the greatest common divisor of 20 and f.
10
Let q be (-3)/1*6/(6/(-17)). What is the highest common divisor of 17 and q?
17
Let i be (35 + -8)/((-1)/(-6)). Suppose 2*w + 24 = i. What is the highest common factor of 46 and w?
23
Suppose -4 = 3*c + 2*m, 0*c + 21 = -2*c - 5*m. What is the greatest common divisor of 3 and c?
1
Let h be 0 - (0 - 12 - -1). Calculate the highest common factor of h and 55.
11
Let a = -142 - -241. What is the greatest common divisor of a and 9?
9
Let c = 10 + 14. Let p(m) = m**3 - 6*m**2 + 2*m - 9. Suppose 2*n - 2 = 2*f + 14, 4*n = 5*f + 34. Let b be p(n). Calculate the highest common divisor of c and b.
3
Suppose 0 = -p - 1. Let q be 4 - (-2)/p - -151. Calculate the greatest common divisor of q and 17.
17
Let h be (-382)/(-18) + 6/(-27). Let u = 17 - 10. What is the greatest common factor of h and u?
7
Let h(a) = 4*a**2 - a + 9 + a - 2*a. Let c be h(4). Calculate the highest common divisor of c and 26.
13
Let n = 2 - -58. Suppose -10 = -5*s + 25. Let a be (6 + -4)*(-1 + s). Calculate the greatest common divisor of n and a.
12
Suppose -5*k = -f + 16, 4*k + 8 = 6*k. What is the greatest common factor of 9 and f?
9
Suppose -5*j + 70 = -3*q, 2*q - 2*j + 11 + 41 = 0. Let b be -72*(2 - q/(-9)). What is the highest common factor of 12 and b?
12
Suppose 0 = z - 4 - 1. Suppose 74 = 2*n - z*r, -4*r = 6*n - n - 152. Calculate the highest common factor of 4 and n.
4
Suppose -4 = 4*b + 16, 5*b = -5*x - 20. Calculate the greatest common divisor of 7 and x.
1
Let a = 13 + 9. Let j = 39 - -16. What is the highest common factor of j and a?
11
Let y be 1/4 + (-2 - 5418/(-24)). What is the greatest common factor of 7 and y?
7
Suppose z - y = 6*z - 450, -2*z + 180 = 3*y. Calculate the highest common divisor of 36 and z.
18
Let k = -297 + 437. Let j be 61/3 - (-3)/(-9). What is the greatest common factor of j and k?
20
Let l(x) = 9*x - 45. Let t be l(6). What is the greatest common factor of 99 and t?
9
Suppose -17 = 5*z - 287. Suppose -27 = -b + z. Calculate the highest common divisor of 9 and b.
9
Let n = 1 + 4. Suppose -n*s = 5 + 15. Let y be s/22 - 1398/(-66). What is the highest common divisor of y and 7?
7
Let o = 4 - -19. Let y = 38 - o. Suppose -3*f = -3*a - y, 2*a + 25 = 5*f - 6. What is the highest common divisor of f and 35?
7
Let k be (-64)/(-48)*(-30)/(-4). What is the highest common factor of 5 and k?
5
Suppose 5*d - 8 = -b, 0 = 3*d - 2 - 1. What is the highest common divisor of 2 and b?
1
Let i(d) = 35*d**2 + 1. Let s be i(-1). What is the greatest common divisor of 9 and s?
9
Suppose -2*n - 1 = -3. Let z be 0/2 - (n - 3). Let h be (-1)/z - (-1095)/6. What is the greatest common divisor of h and 26?
26
Let q(c) = -c**3 + 2*c**2 + c. Let p be q(2). Let b(r) = -r**2 - 5*r + 2. Let d be b(-4). Calculate the highest common factor of d and p.
2
Let q = 9 - -7. Suppose 0*h = -2*h + q. Calculate the greatest common factor of h and 40.
8
Suppose h + 352 = 2*h. What is the greatest common divisor of 32 and h?
32
Let j = 202 - 27. Let s(a) be the second derivative of a**4/12 - a. Let p be s(5). Calculate the greatest common factor of p and j.
25
Suppose 4*z = -6*z + 200. Suppose -3*u + 2*q + 22 = 0, -u + 7 = 2*u + q. Calculate the greatest common divisor of z and u.
4
Let q be (4/3)/((-2)/9). Let n be (-1 + 3)/(q/(-45)). Calculate the highest common factor of n and 15.
15
Suppose -5*v = -3*v - 12. Let r(k) = 2*k - 2*k - 4 + 5*k. Let t be r(v). What is the greatest common divisor of 65 and t?
13
Let t(q) = -22*q + 4. Let s be t(-5). Suppose 129 = 4*z + 3*m, -s = -0*z - 4*z + 2*m. Suppose -z = 2*r - 7